*y + x + 5878 = 0. List the prime factors of y.
3, 653
Suppose -4*r = 5*b - 2045, 4*r - 5*b - 1714 = 281. What are the prime factors of r?
5, 101
Suppose 14*x + 111618 = 67*x. What are the prime factors of x?
2, 3, 13
Suppose -5*c + z - 4*z + 56 = 0, -2*z = 3*c - 34. Let m be (1*-2)/((-1)/6). Suppose s = c + m. What are the prime factors of s?
2, 11
Suppose -4*c + 8 + 12 = 0. Suppose -c*a = a - 258. What are the prime factors of a?
43
Let b(p) = 4*p - 5. Let u be b(7). Let h be 3 - 2 - u/1. Let a = h + 62. What are the prime factors of a?
2, 5
Suppose 2*u = -2*t + 843 + 901, 2*t = -3*u + 2612. List the prime factors of (u/(-70))/((-2)/5).
31
What are the prime factors of 23/(-4 - (-21)/5)?
5, 23
List the prime factors of ((-168)/(-336))/(1/6548).
2, 1637
Let h(m) = -m**3 + m**2 + m - 2. Let j be (0 - 0)*1/(-2). Let t be j/(-3 - 1) - 3. What are the prime factors of h(t)?
31
Suppose 0 = -6*j + 4*j + 370. List the prime factors of j.
5, 37
Suppose -r = -7*r - 174. Let y = 40 + r. Suppose -y - 9 = -5*v. What are the prime factors of v?
2
Suppose 6*u + 11180 = 19*u. What are the prime factors of u?
2, 5, 43
Let o(c) = 11*c**2 - 10*c - 20. List the prime factors of o(-13).
11, 179
Suppose 0 = -13*d + 599 + 389. What are the prime factors of d?
2, 19
Let o = 2381 + -427. What are the prime factors of o?
2, 977
Let n = 9117 + -4667. What are the prime factors of n?
2, 5, 89
Suppose -11*x = -14*x. Suppose x = g - d - 67, -g - 3*d + 77 - 6 = 0. List the prime factors of g.
2, 17
What are the prime factors of 715 + 1 + (-2196)/(-244)?
5, 29
Let m be (-10)/(-4)*64/20. Let y be (m/28 - 2)*7. List the prime factors of 5 - (y/(-3) - 6).
7
Let o = 1722 - 854. What are the prime factors of o?
2, 7, 31
List the prime factors of 2725 + -24*13/39.
11, 13, 19
Suppose 0 = 3*r - 2*h + 7*h + 57, 0 = -4*r + 5*h - 111. Let z = 14 + r. What are the prime factors of ((-24)/16)/(1/z)?
3, 5
Suppose -21*g = -20*g - 1358. What are the prime factors of g?
2, 7, 97
Suppose -328 = 57*h - 59*h. Suppose 7*l = 347 + h. What are the prime factors of l?
73
Let n(q) = q + 10. Let l be n(-7). Suppose 5*v - l = 2*d - 207, -5*v - d = 213. Let p = -27 - v. List the prime factors of p.
3, 5
Suppose 0 = -2*g + 8 + 4. Suppose -g*z + 29 = 5. Suppose -x - x + z*m + 22 = 0, 4*x + 3*m = 66. List the prime factors of x.
3, 5
Suppose 0 = -b + 3 - 6. Let y be (3 + -3)*b/6. What are the prime factors of (y + -108)*3/(-6)?
2, 3
Suppose 2*x - 4*x = -1010. What are the prime factors of x?
5, 101
Let f(k) = -53*k + 1. Let t be f(-1). What are the prime factors of (1 - (-8)/4) + t?
3, 19
Suppose 40*w - 43*w = -2679. List the prime factors of w.
19, 47
Suppose 36*c = 41*c - 15. What are the prime factors of c - (-260 + -1 + 3 + -3)?
2, 3, 11
Let t = -1186 + 1713. What are the prime factors of t?
17, 31
Suppose 0*w + 1416 = 2*w. Suppose 0*d - 3*v - w = 5*d, 3 = -3*v. What are the prime factors of (18/(-27))/(2/d)?
47
Suppose -211*d + 216*d = 10740. List the prime factors of d.
2, 3, 179
Let h = -368 + 1191. What are the prime factors of h?
823
Let m(d) = -35*d - 13. Let h be m(-4). List the prime factors of h/2 + 1/2.
2
Suppose 0 = 2*d - 3*g - 35, 4*g + 5 = 1. Suppose d*v - 180 = 7*v. List the prime factors of v.
2, 5
Suppose 14*h - 9*h = 510. Let f = h + -43. What are the prime factors of f?
59
Let y = 9 + -5. Suppose y*n = 2*n. Suppose n = o - k - 7, -o - 2*o = 3*k - 39. What are the prime factors of o?
2, 5
Let s(n) = 299*n + 219. List the prime factors of s(5).
2, 857
Suppose -6*b - 1137 + 14745 = 0. List the prime factors of b.
2, 3, 7
Suppose -2*y + 2 = 4*n + n, 0 = -2*y - 4*n. Let s be ((-5)/(-15))/(1/(-6)) - 9. What are the prime factors of s/y + (-15)/20?
2
Suppose -906 = -4*b + o + o, o = -2*b + 443. List the prime factors of b.
2, 7
Let f(u) = -u**2 + 5*u - 3. Let q be f(2). Suppose -q*j - 1 = -334. List the prime factors of j.
3, 37
Suppose 63*l + 26352 = 81*l. What are the prime factors of l?
2, 3, 61
Suppose 533 = n + 86. List the prime factors of n.
3, 149
Let b(s) be the third derivative of -s**6/120 - s**5/30 + 5*s**4/24 + s**3 - s**2. Let y be b(-5). Let h = -37 + y. What are the prime factors of h?
19
Suppose -q + 4*p + 21 = 0, -4*q - p + 27 = 2*p. Suppose -2*f = -2*i - 3*i + 41, 3*i - q = -4*f. What are the prime factors of i?
7
What are the prime factors of ((-189)/6)/9*(-8762)/13?
7, 337
Let d(x) = x**3 - 12*x**2 + 10*x + 19. Let g be d(11). What are the prime factors of (6/g)/(12/356)*4?
89
Let m = 446 - 209. List the prime factors of m.
3, 79
Let a be 2/6 - 133/3. List the prime factors of (a/(-28) - -1)/(3/14).
2, 3
Let w(x) = -5*x + 64. Suppose -n - 27 = 11*a - 6*a, 5*a - 33 = 4*n. What are the prime factors of w(n)?
2, 31
Suppose -6 = 4*q + 2. Let x(a) = 249*a**3 - 124*a**3 - 5*a - 133*a**3 + 6*a + 2 - 3*a**2. List the prime factors of x(q).
2, 13
Suppose -3*h + 0*h + 3*q = -21, 5*q = -4*h - 17. Suppose 87 + 150 = h*i - s, -4*s + 599 = 5*i. Let p = -81 + i. List the prime factors of p.
2, 19
Suppose 2*b - 166 = -4*q, -3*q + 261 = 5*b - 2*b. Let i = 139 - b. List the prime factors of i.
2, 3
Suppose -m + f = 2*f - 789, 0 = -3*m + 2*f + 2377. What are the prime factors of m?
7, 113
Let b(j) = j**2 - 5*j - 8. Let i be b(7). List the prime factors of 210*((-21)/i - -4) + 0.
3, 5, 7
Suppose 0 = b - 6 - 10. Let h be ((b/2)/4)/1. Suppose -h*p - 42 = -w - 7, 3*p + 117 = 3*w. List the prime factors of w.
43
Suppose 2*g + 2*g = 5*r - 2786, r + 4*g = 538. Suppose -2*c - r = -2*h - c, -3*h - 2*c + 824 = 0. List the prime factors of h.
2, 3, 23
Suppose r - 1812 = 4*o, -o = 3*r - 662 - 4761. List the prime factors of r.
2, 113
Let r(g) = -g**3 + 9*g**2 - g - 20. What are the prime factors of r(7)?
71
Suppose 5*t - 1714 = 1411. Suppose 8*a - 255 = t. List the prime factors of a.
2, 5, 11
Suppose 94*i - 24273 = 85*i. List the prime factors of i.
3, 29, 31
Let a = 35 + 73. Suppose -3*r - 3*p + a = 0, 5*r = 2*p - 33 + 199. List the prime factors of r.
2, 17
Let g = -23 + 32. Let h(v) = -2*v - 2*v - 11 + g*v + 4*v. What are the prime factors of h(5)?
2, 17
Let m(w) be the third derivative of 0*w + w**2 - 2*w**3 + 1/120*w**6 + 0 - 7/30*w**5 - 7/12*w**4. List the prime factors of m(15).
3
Let g = -61 + 66. What are the prime factors of (-129 - 2)*(-6 + g) - 4?
127
Let u(p) = p**2 + 3*p - 10. Let f be u(-5). Suppose 15 = -3*v, f*a + 3*v = 3*a - 180. What are the prime factors of a?
5, 11
Let w(c) = -c**2 - 9*c + 5. Let h be w(-9). Let m = -5 + h. Suppose -5*l + m*l = -75. What are the prime factors of l?
3, 5
Suppose -5*k + 27 = -2*j, -2*k + j + 12 = 2. Let a = k + -3. Suppose -a*c = -7 - 77. What are the prime factors of c?
3, 7
Suppose -28 = 6*d - 13*d. Suppose -d*n - 37 + 1 = -4*x, 51 = 5*x - 3*n. What are the prime factors of x?
2, 3
Let z(p) be the third derivative of p**7/252 + p**6/360 - p**5/20 + 4*p**2. Let c(r) be the third derivative of z(r). List the prime factors of c(1).
2, 11
Let u(g) be the second derivative of g**5/30 - g**4/12 - 2*g**3/3 + g**2/2 + g. Let s(t) be the first derivative of u(t). List the prime factors of s(3).
2
Let a(h) = 4*h + 21. Let c(l) = 1. Let w(q) = a(q) - 4*c(q). What are the prime factors of w(8)?
7
Let j be 1/(-4 - 165/(-40)). Let a(h) = -6*h - 2. Let u(o) = 3*o + 1. Let f(q) = -6*a(q) - 11*u(q). What are the prime factors of f(j)?
5
List the prime factors of 225095/91 + 10/7.
3, 5, 11
Suppose p - 5245 = -5*u, 25*u = 27*u - 2*p - 2086. List the prime factors of u.
2, 131
Let k = 21 + -36. Let m(z) = -20 + z**3 + 136*z + 138*z - 276*z + 15*z**2. What are the prime factors of m(k)?
2, 5
Suppose 3*k - 9 = 5*r, 4*r = 4*k + 3*r - 12. Suppose 11 = -k*i + 35. Suppose -i = -2*d - 2. What are the prime factors of d?
3
Let a = 211 - -388. What are the prime factors of a?
599
Let l be (2/(-6))/(1/(-54))*60. Suppose -16*b + b = -l. List the prime factors of b.
2, 3
Let i(y) = -37 - y**2 + 54 + 2*y**2 + 3*y. List the prime factors of i(-7).
3, 5
Let i be (-68)/48*-3 - 3/(-4). Let m = 9 + -5. Suppose 5*h = -i*b + 140, -b + 104 = m*h + b. What are the prime factors of h?
2, 3
Let l = -27 + 65. Suppose 79 = 2*g - 5*v + 3, g - l = -3*v. What are the prime factors of -1 - g*1/(-1)?
37
Suppose -166 = h + h. Let g = h - -148. What are the prime factors of g?
5, 13
Let q(r